{"id":26690,"date":"2022-03-28T09:32:40","date_gmt":"2022-03-28T07:32:40","guid":{"rendered":"https:\/\/new.panoramicgranollers.cat\/panoramic-tour\/"},"modified":"2022-10-11T16:09:02","modified_gmt":"2022-10-11T14:09:02","slug":"panoramic-tour","status":"publish","type":"page","link":"https:\/\/festivalpanoramic.cat\/en\/panoramic-tour\/","title":{"rendered":"Panor\u00e0mic Tour"},"content":{"rendered":"<p>[et_pb_section fb_built=&#8221;1&#8243; _builder_version=&#8221;4.16&#8243; _module_preset=&#8221;default&#8221; global_colors_info=&#8221;{}&#8221;][et_pb_row column_structure=&#8221;2_5,3_5&#8243; module_id=&#8221;presentacio&#8221; _builder_version=&#8221;4.16&#8243; _module_preset=&#8221;default&#8221; width=&#8221;95%&#8221; max_width=&#8221;2560px&#8221; global_colors_info=&#8221;{}&#8221;][et_pb_column type=&#8221;2_5&#8243; _builder_version=&#8221;4.16&#8243; _module_preset=&#8221;default&#8221; global_colors_info=&#8221;{}&#8221;][et_pb_text _builder_version=&#8221;4.17.6&#8243; _module_preset=&#8221;default&#8221; text_font=&#8221;Montserrat Light||||||||&#8221; text_text_color=&#8221;#000000&#8243; text_font_size=&#8221;35px&#8221; text_line_height=&#8221;1.3em&#8221; hover_enabled=&#8221;0&#8243; text_font_size_tablet=&#8221;35px&#8221; text_font_size_phone=&#8221;20px&#8221; text_font_size_last_edited=&#8221;on|phone&#8221; inline_fonts=&#8221;Montserrat extra bold&#8221; global_colors_info=&#8221;{}&#8221; sticky_enabled=&#8221;0&#8243;]<\/p>\n<p><span style=\"font-family: 'Montserrat extra bold';\">Panor\u00e0mic Tour<\/span> is the project managed by the festival to disseminate and promote its own productions that it makes year after year.<\/p>\n<p>The vocation of a projection of the festival towards a local, national and international scope is articulated through the Tour.<\/p>\n<p>Thanks to our participation in the Traveling Exhibitions Program of the Department of Culture of the Generalitat de Catalunya, we have reached several art centers in the country.<\/p>\n<p>Also, with the collaboration and support of the Institut Ramon Llull and the links with international festivals, it allows us to show the productions in countries such as Colombia, Italy, France, Serbia, Mexico or Canada.<\/p>\n<p>[\/et_pb_text][et_pb_text _builder_version=&#8221;4.16&#8243; _module_preset=&#8221;default&#8221; text_font=&#8221;akrobat light||||||||&#8221; text_text_color=&#8221;#000000&#8243; text_font_size=&#8221;20px&#8221; text_line_height=&#8221;1.2em&#8221; global_colors_info=&#8221;{}&#8221;]<\/p>\n<p>We currently have several exhibitions on tour, with the possibility of expanding the offer and complementing it thanks to the joint work with other sections of the festival such as the Panoramic Education or the Open Panoramic, which make our proposal a complete and attractive option. for multiple spaces and audiences.<\/p>\n<p>[\/et_pb_text][\/et_pb_column][et_pb_column type=&#8221;3_5&#8243; _builder_version=&#8221;4.16&#8243; _module_preset=&#8221;default&#8221; global_colors_info=&#8221;{}&#8221;][et_pb_portfolio include_categories=&#8221;27&#8243; show_categories=&#8221;off&#8221; _builder_version=&#8221;4.16&#8243; _module_preset=&#8221;default&#8221; title_font=&#8221;Montserrat extra bold||||||||&#8221; caption_font=&#8221;akrobat light||||||||&#8221; caption_text_color=&#8221;#8b794f&#8221; caption_font_size=&#8221;19px&#8221; global_colors_info=&#8221;{}&#8221;][\/et_pb_portfolio][\/et_pb_column][\/et_pb_row][\/et_pb_section]<\/p>\n","protected":false},"excerpt":{"rendered":"<p>Panor\u00e0mic Tour is the project managed by the festival to disseminate and promote its own productions that it makes year after year. The vocation of a projection of the festival [&hellip;]<\/p>\n","protected":false},"author":1,"featured_media":0,"parent":0,"menu_order":0,"comment_status":"closed","ping_status":"closed","template":"","meta":{"_et_pb_use_builder":"on","_et_pb_old_content":"","_et_gb_content_width":"","footnotes":""},"class_list":["post-26690","page","type-page","status-publish","hentry"],"yoast_head":"<!-- This site is optimized with the Yoast SEO plugin v27.2 - https:\/\/yoast.com\/product\/yoast-seo-wordpress\/ -->\n<title>Panor\u00e0mic Tour - Festival Panor\u00e0mic<\/title>\n<meta name=\"robots\" content=\"index, follow, max-snippet:-1, max-image-preview:large, max-video-preview:-1\" \/>\n<link rel=\"canonical\" href=\"https:\/\/festivalpanoramic.cat\/en\/panoramic-tour\/\" \/>\n<meta property=\"og:locale\" content=\"en_US\" \/>\n<meta property=\"og:type\" content=\"article\" \/>\n<meta property=\"og:title\" content=\"Panor\u00e0mic Tour - Festival Panor\u00e0mic\" \/>\n<meta property=\"og:description\" content=\"Panor\u00e0mic Tour is the project managed by the festival to disseminate and promote its own productions that it makes year after year. The vocation of a projection of the festival [&hellip;]\" \/>\n<meta property=\"og:url\" content=\"https:\/\/festivalpanoramic.cat\/en\/panoramic-tour\/\" \/>\n<meta property=\"og:site_name\" content=\"Festival Panor\u00e0mic\" \/>\n<meta property=\"article:modified_time\" content=\"2022-10-11T14:09:02+00:00\" \/>\n<meta name=\"twitter:card\" content=\"summary_large_image\" \/>\n<meta name=\"twitter:label1\" content=\"Est. reading time\" \/>\n\t<meta name=\"twitter:data1\" content=\"2 minutes\" \/>\n<script type=\"application\/ld+json\" class=\"yoast-schema-graph\">{\"@context\":\"https:\/\/schema.org\",\"@graph\":[{\"@type\":\"WebPage\",\"@id\":\"https:\/\/festivalpanoramic.cat\/en\/panoramic-tour\/\",\"url\":\"https:\/\/festivalpanoramic.cat\/en\/panoramic-tour\/\",\"name\":\"Panor\u00e0mic Tour - Festival Panor\u00e0mic\",\"isPartOf\":{\"@id\":\"https:\/\/festivalpanoramic.cat\/en\/#website\"},\"datePublished\":\"2022-03-28T07:32:40+00:00\",\"dateModified\":\"2022-10-11T14:09:02+00:00\",\"breadcrumb\":{\"@id\":\"https:\/\/festivalpanoramic.cat\/en\/panoramic-tour\/#breadcrumb\"},\"inLanguage\":\"en-US\",\"potentialAction\":[{\"@type\":\"ReadAction\",\"target\":[\"https:\/\/festivalpanoramic.cat\/en\/panoramic-tour\/\"]}]},{\"@type\":\"BreadcrumbList\",\"@id\":\"https:\/\/festivalpanoramic.cat\/en\/panoramic-tour\/#breadcrumb\",\"itemListElement\":[{\"@type\":\"ListItem\",\"position\":1,\"name\":\"Inici\",\"item\":\"https:\/\/festivalpanoramic.cat\/en\/\"},{\"@type\":\"ListItem\",\"position\":2,\"name\":\"Panor\u00e0mic Tour\"}]},{\"@type\":\"WebSite\",\"@id\":\"https:\/\/festivalpanoramic.cat\/en\/#website\",\"url\":\"https:\/\/festivalpanoramic.cat\/en\/\",\"name\":\"Festival Panor\u00e0mic\",\"description\":\"PANOR\u00c0MIC. ARTS I CULTURES VISUALS\",\"potentialAction\":[{\"@type\":\"SearchAction\",\"target\":{\"@type\":\"EntryPoint\",\"urlTemplate\":\"https:\/\/festivalpanoramic.cat\/en\/?s={search_term_string}\"},\"query-input\":{\"@type\":\"PropertyValueSpecification\",\"valueRequired\":true,\"valueName\":\"search_term_string\"}}],\"inLanguage\":\"en-US\"}]}<\/script>\n<!-- \/ Yoast SEO plugin. -->","yoast_head_json":{"title":"Panor\u00e0mic Tour - Festival Panor\u00e0mic","robots":{"index":"index","follow":"follow","max-snippet":"max-snippet:-1","max-image-preview":"max-image-preview:large","max-video-preview":"max-video-preview:-1"},"canonical":"https:\/\/festivalpanoramic.cat\/en\/panoramic-tour\/","og_locale":"en_US","og_type":"article","og_title":"Panor\u00e0mic Tour - Festival Panor\u00e0mic","og_description":"Panor\u00e0mic Tour is the project managed by the festival to disseminate and promote its own productions that it makes year after year. The vocation of a projection of the festival [&hellip;]","og_url":"https:\/\/festivalpanoramic.cat\/en\/panoramic-tour\/","og_site_name":"Festival Panor\u00e0mic","article_modified_time":"2022-10-11T14:09:02+00:00","twitter_card":"summary_large_image","twitter_misc":{"Est. reading time":"2 minutes"},"schema":{"@context":"https:\/\/schema.org","@graph":[{"@type":"WebPage","@id":"https:\/\/festivalpanoramic.cat\/en\/panoramic-tour\/","url":"https:\/\/festivalpanoramic.cat\/en\/panoramic-tour\/","name":"Panor\u00e0mic Tour - Festival Panor\u00e0mic","isPartOf":{"@id":"https:\/\/festivalpanoramic.cat\/en\/#website"},"datePublished":"2022-03-28T07:32:40+00:00","dateModified":"2022-10-11T14:09:02+00:00","breadcrumb":{"@id":"https:\/\/festivalpanoramic.cat\/en\/panoramic-tour\/#breadcrumb"},"inLanguage":"en-US","potentialAction":[{"@type":"ReadAction","target":["https:\/\/festivalpanoramic.cat\/en\/panoramic-tour\/"]}]},{"@type":"BreadcrumbList","@id":"https:\/\/festivalpanoramic.cat\/en\/panoramic-tour\/#breadcrumb","itemListElement":[{"@type":"ListItem","position":1,"name":"Inici","item":"https:\/\/festivalpanoramic.cat\/en\/"},{"@type":"ListItem","position":2,"name":"Panor\u00e0mic Tour"}]},{"@type":"WebSite","@id":"https:\/\/festivalpanoramic.cat\/en\/#website","url":"https:\/\/festivalpanoramic.cat\/en\/","name":"Festival Panor\u00e0mic","description":"PANOR\u00c0MIC. ARTS I CULTURES VISUALS","potentialAction":[{"@type":"SearchAction","target":{"@type":"EntryPoint","urlTemplate":"https:\/\/festivalpanoramic.cat\/en\/?s={search_term_string}"},"query-input":{"@type":"PropertyValueSpecification","valueRequired":true,"valueName":"search_term_string"}}],"inLanguage":"en-US"}]}},"_links":{"self":[{"href":"https:\/\/festivalpanoramic.cat\/en\/wp-json\/wp\/v2\/pages\/26690","targetHints":{"allow":["GET"]}}],"collection":[{"href":"https:\/\/festivalpanoramic.cat\/en\/wp-json\/wp\/v2\/pages"}],"about":[{"href":"https:\/\/festivalpanoramic.cat\/en\/wp-json\/wp\/v2\/types\/page"}],"author":[{"embeddable":true,"href":"https:\/\/festivalpanoramic.cat\/en\/wp-json\/wp\/v2\/users\/1"}],"replies":[{"embeddable":true,"href":"https:\/\/festivalpanoramic.cat\/en\/wp-json\/wp\/v2\/comments?post=26690"}],"version-history":[{"count":0,"href":"https:\/\/festivalpanoramic.cat\/en\/wp-json\/wp\/v2\/pages\/26690\/revisions"}],"wp:attachment":[{"href":"https:\/\/festivalpanoramic.cat\/en\/wp-json\/wp\/v2\/media?parent=26690"}],"curies":[{"name":"wp","href":"https:\/\/api.w.org\/{rel}","templated":true}]}}

Panoràmic Tour

<p>[et_pb_section fb_built=&#8221;1&#8243; _builder_version=&#8221;4.16&#8243; _module_preset=&#8221;default&#8221; global_colors_info=&#8221;{}&#8221;][et_pb_row column_structure=&#8221;2_5,3_5&#8243; module_id=&#8221;presentacio&#8221; _builder_version=&#8221;4.16&#8243; _module_preset=&#8221;default&#8221; width=&#8221;95%&#8221; max_width=&#8221;2560px&#8221; global_colors_info=&#8221;{}&#8221;][et_pb_column type=&#8221;2_5&#8243; _builder_version=&#8221;4.16&#8243; _module_preset=&#8221;default&#8221; global_colors_info=&#8221;{}&#8221;][et_pb_text _builder_version=&#8221;4.17.6&#8243; _module_preset=&#8221;default&#8221; text_font=&#8221;Montserrat Light||||||||&#8221; text_text_color=&#8221;#000000&#8243; text_font_size=&#8221;35px&#8221; text_line_height=&#8221;1.3em&#8221; hover_enabled=&#8221;0&#8243; text_font_size_tablet=&#8221;35px&#8221; text_font_size_phone=&#8221;20px&#8221; text_font_size_last_edited=&#8221;on|phone&#8221; inline_fonts=&#8221;Montserrat extra bold&#8221; global_colors_info=&#8221;{}&#8221; sticky_enabled=&#8221;0&#8243;]</p>
<p><span style="font-family: 'Montserrat extra bold';">Panoràmic Tour</span> is the project managed by the festival to disseminate and promote its own productions that it makes year after year.</p>
<p>The vocation of a projection of the festival towards a local, national and international scope is articulated through the Tour.</p>
<p>Thanks to our participation in the Traveling Exhibitions Program of the Department of Culture of the Generalitat de Catalunya, we have reached several art centers in the country.</p>
<p>Also, with the collaboration and support of the Institut Ramon Llull and the links with international festivals, it allows us to show the productions in countries such as Colombia, Italy, France, Serbia, Mexico or Canada.</p>
<p>[/et_pb_text][et_pb_text _builder_version=&#8221;4.16&#8243; _module_preset=&#8221;default&#8221; text_font=&#8221;akrobat light||||||||&#8221; text_text_color=&#8221;#000000&#8243; text_font_size=&#8221;20px&#8221; text_line_height=&#8221;1.2em&#8221; global_colors_info=&#8221;{}&#8221;]</p>
<p>We currently have several exhibitions on tour, with the possibility of expanding the offer and complementing it thanks to the joint work with other sections of the festival such as the Panoramic Education or the Open Panoramic, which make our proposal a complete and attractive option. for multiple spaces and audiences.</p>
<p>[/et_pb_text][/et_pb_column][et_pb_column type=&#8221;3_5&#8243; _builder_version=&#8221;4.16&#8243; _module_preset=&#8221;default&#8221; global_colors_info=&#8221;{}&#8221;][et_pb_portfolio include_categories=&#8221;27&#8243; show_categories=&#8221;off&#8221; _builder_version=&#8221;4.16&#8243; _module_preset=&#8221;default&#8221; title_font=&#8221;Montserrat extra bold||||||||&#8221; caption_font=&#8221;akrobat light||||||||&#8221; caption_text_color=&#8221;#8b794f&#8221; caption_font_size=&#8221;19px&#8221; global_colors_info=&#8221;{}&#8221;][/et_pb_portfolio][/et_pb_column][/et_pb_row][/et_pb_section]</p>

<p>Panoràmic Tour is the project managed by the festival to disseminate and promote its own productions that it makes year after year. The vocation of a projection of the festival [&hellip;]</p>

<!-- This site is optimized with the Yoast SEO plugin v27.2 - https://yoast.com/product/yoast-seo-wordpress/ -->
<title>Panoràmic Tour - Festival Panoràmic</title>
<meta name="robots" content="index, follow, max-snippet:-1, max-image-preview:large, max-video-preview:-1" />
<link rel="canonical" href="https://festivalpanoramic.cat/en/panoramic-tour/" />
<meta property="og:locale" content="en_US" />
<meta property="og:type" content="article" />
<meta property="og:title" content="Panoràmic Tour - Festival Panoràmic" />
<meta property="og:description" content="Panoràmic Tour is the project managed by the festival to disseminate and promote its own productions that it makes year after year. The vocation of a projection of the festival [&hellip;]" />
<meta property="og:url" content="https://festivalpanoramic.cat/en/panoramic-tour/" />
<meta property="og:site_name" content="Festival Panoràmic" />
<meta property="article:modified_time" content="2022-10-11T14:09:02+00:00" />
<meta name="twitter:card" content="summary_large_image" />
<meta name="twitter:label1" content="Est. reading time" />
	<meta name="twitter:data1" content="2 minutes" />
<script type="application/ld+json" class="yoast-schema-graph">{"@context":"https://schema.org","@graph":[{"@type":"WebPage","@id":"https://festivalpanoramic.cat/en/panoramic-tour/","url":"https://festivalpanoramic.cat/en/panoramic-tour/","name":"Panoràmic Tour - Festival Panoràmic","isPartOf":{"@id":"https://festivalpanoramic.cat/en/#website"},"datePublished":"2022-03-28T07:32:40+00:00","dateModified":"2022-10-11T14:09:02+00:00","breadcrumb":{"@id":"https://festivalpanoramic.cat/en/panoramic-tour/#breadcrumb"},"inLanguage":"en-US","potentialAction":[{"@type":"ReadAction","target":["https://festivalpanoramic.cat/en/panoramic-tour/"]}]},{"@type":"BreadcrumbList","@id":"https://festivalpanoramic.cat/en/panoramic-tour/#breadcrumb","itemListElement":[{"@type":"ListItem","position":1,"name":"Inici","item":"https://festivalpanoramic.cat/en/"},{"@type":"ListItem","position":2,"name":"Panoràmic Tour"}]},{"@type":"WebSite","@id":"https://festivalpanoramic.cat/en/#website","url":"https://festivalpanoramic.cat/en/","name":"Festival Panoràmic","description":"PANORÀMIC. ARTS I CULTURES VISUALS","potentialAction":[{"@type":"SearchAction","target":{"@type":"EntryPoint","urlTemplate":"https://festivalpanoramic.cat/en/?s={search_term_string}"},"query-input":{"@type":"PropertyValueSpecification","valueRequired":true,"valueName":"search_term_string"}}],"inLanguage":"en-US"}]}</script>
<!-- / Yoast SEO plugin. -->

Panoràmic Tour - Festival Panoràmic

Panoràmic Tour is the project managed by the festival to disseminate and promote its own productions that it makes year after year. The vocation of a projection of the festival [&hellip;]

Festival Panoràmic

PANORÀMIC. ARTS I CULTURES VISUALS
