{"id":38413,"date":"2025-08-07T10:51:13","date_gmt":"2025-08-07T08:51:13","guid":{"rendered":"https:\/\/festivalpanoramic.cat\/?page_id=38413"},"modified":"2026-03-31T17:19:27","modified_gmt":"2026-03-31T15:19:27","slug":"exhibitions-2025","status":"publish","type":"page","link":"https:\/\/festivalpanoramic.cat\/en\/exhibitions-2025\/","title":{"rendered":"Exhibitions 2025"},"content":{"rendered":"<p>[et_pb_section fb_built=&#8221;1&#8243; _builder_version=&#8221;4.17.6&#8243; _module_preset=&#8221;default&#8221; locked=&#8221;off&#8221; global_colors_info=&#8221;{}&#8221;][et_pb_row custom_padding_last_edited=&#8221;on|phone&#8221; _builder_version=&#8221;4.25.0&#8243; _module_preset=&#8221;default&#8221; width=&#8221;96%&#8221; width_tablet=&#8221;90%&#8221; width_phone=&#8221;90%&#8221; width_last_edited=&#8221;on|phone&#8221; max_width=&#8221;2560px&#8221; custom_margin_tablet=&#8221;-10px||||false|false&#8221; custom_margin_phone=&#8221;-20px||||false|false&#8221; custom_margin_last_edited=&#8221;on|phone&#8221; custom_padding_tablet=&#8221;0px||0px||true|false&#8221; custom_padding_phone=&#8221;0px||0px||true|false&#8221; global_colors_info=&#8221;{}&#8221;][et_pb_column type=&#8221;4_4&#8243; _builder_version=&#8221;4.17.6&#8243; _module_preset=&#8221;default&#8221; global_colors_info=&#8221;{}&#8221;][et_pb_text _builder_version=&#8221;4.27.6&#8243; _module_preset=&#8221;default&#8221; text_font=&#8221;akrobat light||||||||&#8221; text_text_color=&#8221;#000000&#8243; text_font_size=&#8221;18px&#8221; width_tablet=&#8221;100%&#8221; width_phone=&#8221;100%&#8221; width_last_edited=&#8221;on|phone&#8221; hover_enabled=&#8221;0&#8243; inline_fonts=&#8221;Montserrat extra bold&#8221; global_colors_info=&#8221;{}&#8221; sticky_enabled=&#8221;0&#8243;]<\/p>\n<h1>Exhibitions 2025<\/h1>\n<p>The exhibition programme is structured around different lines: <em data-start=\"1454\" data-end=\"1470\">Panor\u00e0mic File<\/em>, where artists work with photographic archives; <em data-start=\"1519\" data-end=\"1537\">Panor\u00e0mic Review<\/em>, which revisits relevant yet lesser-known figures or movements from audiovisual culture; and <em data-start=\"1631\" data-end=\"1647\">Open Panor\u00e0mic<\/em>, a selection of projects from the festival\u2019s open call. The programme also features other exhibitions and proposals that explore the visual, social, and technological changes of our time. The exhibitions take place across various cultural venues in Granollers, Barcelona, and Terrassa.<\/p>\n<p>[\/et_pb_text][\/et_pb_column][\/et_pb_row][et_pb_row use_custom_gutter=&#8221;on&#8221; gutter_width=&#8221;1&#8243; _builder_version=&#8221;4.25.0&#8243; _module_preset=&#8221;default&#8221; width=&#8221;96%&#8221; width_tablet=&#8221;90%&#8221; width_phone=&#8221;90%&#8221; width_last_edited=&#8221;on|tablet&#8221; max_width=&#8221;2560px&#8221; global_colors_info=&#8221;{}&#8221;][et_pb_column type=&#8221;4_4&#8243; _builder_version=&#8221;4.17.6&#8243; _module_preset=&#8221;default&#8221; global_colors_info=&#8221;{}&#8221;][et_pb_filterable_portfolio fullwidth=&#8221;off&#8221; posts_number=&#8221;200&#8243; include_categories=&#8221;167,166,168,144,169,170&#8243; show_categories=&#8221;off&#8221; module_class=&#8221;custom-element&#8221; _builder_version=&#8221;4.27.4&#8243; _module_preset=&#8221;default&#8221; title_font=&#8221;Montserrat extra bold||||||||&#8221; title_text_color=&#8221;#000000&#8243; title_line_height=&#8221;1.4em&#8221; filter_font=&#8221;akrobat extrabold||||||||&#8221; filter_text_color=&#8221;gcid-73263b73-b059-42fc-a61d-05da764fa408&#8243; filter_font_size=&#8221;20px&#8221; filter_line_height=&#8221;1em&#8221; title_font_size_tablet=&#8221;17px&#8221; title_font_size_phone=&#8221;17px&#8221; title_font_size_last_edited=&#8221;on|phone&#8221; title_line_height_tablet=&#8221;1.3em&#8221; title_line_height_phone=&#8221;1em&#8221; title_line_height_last_edited=&#8221;on|phone&#8221; border_width_all=&#8221;4px&#8221; border_color_all=&#8221;#FFFFFF&#8221; border_width_bottom=&#8221;20px&#8221; global_colors_info=&#8221;{%22gcid-73263b73-b059-42fc-a61d-05da764fa408%22:%91%22filter_text_color%22%93}&#8221;][\/et_pb_filterable_portfolio][\/et_pb_column][\/et_pb_row][\/et_pb_section]<\/p>\n","protected":false},"excerpt":{"rendered":"<p>Exhibitions 2025 The exhibition programme is structured around different lines: Panor\u00e0mic File, where artists work with photographic archives; Panor\u00e0mic Review, which revisits relevant yet lesser-known figures or movements from audiovisual [&hellip;]<\/p>\n","protected":false},"author":1,"featured_media":0,"parent":0,"menu_order":0,"comment_status":"closed","ping_status":"closed","template":"","meta":{"_et_pb_use_builder":"on","_et_pb_old_content":"","_et_gb_content_width":"","footnotes":""},"class_list":["post-38413","page","type-page","status-publish","hentry"],"yoast_head":"<!-- This site is optimized with the Yoast SEO plugin v27.2 - https:\/\/yoast.com\/product\/yoast-seo-wordpress\/ -->\n<title>Exhibitions 2025 - Festival Panor\u00e0mic<\/title>\n<meta name=\"robots\" content=\"index, follow, max-snippet:-1, max-image-preview:large, max-video-preview:-1\" \/>\n<link rel=\"canonical\" href=\"https:\/\/festivalpanoramic.cat\/en\/exhibitions-2025\/\" \/>\n<meta property=\"og:locale\" content=\"en_US\" \/>\n<meta property=\"og:type\" content=\"article\" \/>\n<meta property=\"og:title\" content=\"Exhibitions 2025 - Festival Panor\u00e0mic\" \/>\n<meta property=\"og:description\" content=\"Exhibitions 2025 The exhibition programme is structured around different lines: Panor\u00e0mic File, where artists work with photographic archives; Panor\u00e0mic Review, which revisits relevant yet lesser-known figures or movements from audiovisual [&hellip;]\" \/>\n<meta property=\"og:url\" content=\"https:\/\/festivalpanoramic.cat\/en\/exhibitions-2025\/\" \/>\n<meta property=\"og:site_name\" content=\"Festival Panor\u00e0mic\" \/>\n<meta property=\"article:modified_time\" content=\"2026-03-31T15:19:27+00:00\" \/>\n<meta name=\"twitter:card\" content=\"summary_large_image\" \/>\n<meta name=\"twitter:label1\" content=\"Est. reading time\" \/>\n\t<meta name=\"twitter:data1\" content=\"5 minutes\" \/>\n<script type=\"application\/ld+json\" class=\"yoast-schema-graph\">{\"@context\":\"https:\/\/schema.org\",\"@graph\":[{\"@type\":\"WebPage\",\"@id\":\"https:\/\/festivalpanoramic.cat\/en\/exhibitions-2025\/\",\"url\":\"https:\/\/festivalpanoramic.cat\/en\/exhibitions-2025\/\",\"name\":\"Exhibitions 2025 - Festival Panor\u00e0mic\",\"isPartOf\":{\"@id\":\"https:\/\/festivalpanoramic.cat\/en\/#website\"},\"datePublished\":\"2025-08-07T08:51:13+00:00\",\"dateModified\":\"2026-03-31T15:19:27+00:00\",\"breadcrumb\":{\"@id\":\"https:\/\/festivalpanoramic.cat\/en\/exhibitions-2025\/#breadcrumb\"},\"inLanguage\":\"en-US\",\"potentialAction\":[{\"@type\":\"ReadAction\",\"target\":[\"https:\/\/festivalpanoramic.cat\/en\/exhibitions-2025\/\"]}]},{\"@type\":\"BreadcrumbList\",\"@id\":\"https:\/\/festivalpanoramic.cat\/en\/exhibitions-2025\/#breadcrumb\",\"itemListElement\":[{\"@type\":\"ListItem\",\"position\":1,\"name\":\"Inici\",\"item\":\"https:\/\/festivalpanoramic.cat\/en\/\"},{\"@type\":\"ListItem\",\"position\":2,\"name\":\"Exhibitions 2025\"}]},{\"@type\":\"WebSite\",\"@id\":\"https:\/\/festivalpanoramic.cat\/en\/#website\",\"url\":\"https:\/\/festivalpanoramic.cat\/en\/\",\"name\":\"Festival Panor\u00e0mic\",\"description\":\"PANOR\u00c0MIC. ARTS I CULTURES VISUALS\",\"potentialAction\":[{\"@type\":\"SearchAction\",\"target\":{\"@type\":\"EntryPoint\",\"urlTemplate\":\"https:\/\/festivalpanoramic.cat\/en\/?s={search_term_string}\"},\"query-input\":{\"@type\":\"PropertyValueSpecification\",\"valueRequired\":true,\"valueName\":\"search_term_string\"}}],\"inLanguage\":\"en-US\"}]}<\/script>\n<!-- \/ Yoast SEO plugin. -->","yoast_head_json":{"title":"Exhibitions 2025 - Festival Panor\u00e0mic","robots":{"index":"index","follow":"follow","max-snippet":"max-snippet:-1","max-image-preview":"max-image-preview:large","max-video-preview":"max-video-preview:-1"},"canonical":"https:\/\/festivalpanoramic.cat\/en\/exhibitions-2025\/","og_locale":"en_US","og_type":"article","og_title":"Exhibitions 2025 - Festival Panor\u00e0mic","og_description":"Exhibitions 2025 The exhibition programme is structured around different lines: Panor\u00e0mic File, where artists work with photographic archives; Panor\u00e0mic Review, which revisits relevant yet lesser-known figures or movements from audiovisual [&hellip;]","og_url":"https:\/\/festivalpanoramic.cat\/en\/exhibitions-2025\/","og_site_name":"Festival Panor\u00e0mic","article_modified_time":"2026-03-31T15:19:27+00:00","twitter_card":"summary_large_image","twitter_misc":{"Est. reading time":"5 minutes"},"schema":{"@context":"https:\/\/schema.org","@graph":[{"@type":"WebPage","@id":"https:\/\/festivalpanoramic.cat\/en\/exhibitions-2025\/","url":"https:\/\/festivalpanoramic.cat\/en\/exhibitions-2025\/","name":"Exhibitions 2025 - Festival Panor\u00e0mic","isPartOf":{"@id":"https:\/\/festivalpanoramic.cat\/en\/#website"},"datePublished":"2025-08-07T08:51:13+00:00","dateModified":"2026-03-31T15:19:27+00:00","breadcrumb":{"@id":"https:\/\/festivalpanoramic.cat\/en\/exhibitions-2025\/#breadcrumb"},"inLanguage":"en-US","potentialAction":[{"@type":"ReadAction","target":["https:\/\/festivalpanoramic.cat\/en\/exhibitions-2025\/"]}]},{"@type":"BreadcrumbList","@id":"https:\/\/festivalpanoramic.cat\/en\/exhibitions-2025\/#breadcrumb","itemListElement":[{"@type":"ListItem","position":1,"name":"Inici","item":"https:\/\/festivalpanoramic.cat\/en\/"},{"@type":"ListItem","position":2,"name":"Exhibitions 2025"}]},{"@type":"WebSite","@id":"https:\/\/festivalpanoramic.cat\/en\/#website","url":"https:\/\/festivalpanoramic.cat\/en\/","name":"Festival Panor\u00e0mic","description":"PANOR\u00c0MIC. ARTS I CULTURES VISUALS","potentialAction":[{"@type":"SearchAction","target":{"@type":"EntryPoint","urlTemplate":"https:\/\/festivalpanoramic.cat\/en\/?s={search_term_string}"},"query-input":{"@type":"PropertyValueSpecification","valueRequired":true,"valueName":"search_term_string"}}],"inLanguage":"en-US"}]}},"_links":{"self":[{"href":"https:\/\/festivalpanoramic.cat\/en\/wp-json\/wp\/v2\/pages\/38413","targetHints":{"allow":["GET"]}}],"collection":[{"href":"https:\/\/festivalpanoramic.cat\/en\/wp-json\/wp\/v2\/pages"}],"about":[{"href":"https:\/\/festivalpanoramic.cat\/en\/wp-json\/wp\/v2\/types\/page"}],"author":[{"embeddable":true,"href":"https:\/\/festivalpanoramic.cat\/en\/wp-json\/wp\/v2\/users\/1"}],"replies":[{"embeddable":true,"href":"https:\/\/festivalpanoramic.cat\/en\/wp-json\/wp\/v2\/comments?post=38413"}],"version-history":[{"count":6,"href":"https:\/\/festivalpanoramic.cat\/en\/wp-json\/wp\/v2\/pages\/38413\/revisions"}],"predecessor-version":[{"id":42293,"href":"https:\/\/festivalpanoramic.cat\/en\/wp-json\/wp\/v2\/pages\/38413\/revisions\/42293"}],"wp:attachment":[{"href":"https:\/\/festivalpanoramic.cat\/en\/wp-json\/wp\/v2\/media?parent=38413"}],"curies":[{"name":"wp","href":"https:\/\/api.w.org\/{rel}","templated":true}]}}

<p>[et_pb_section fb_built=&#8221;1&#8243; _builder_version=&#8221;4.17.6&#8243; _module_preset=&#8221;default&#8221; locked=&#8221;off&#8221; global_colors_info=&#8221;{}&#8221;][et_pb_row custom_padding_last_edited=&#8221;on|phone&#8221; _builder_version=&#8221;4.25.0&#8243; _module_preset=&#8221;default&#8221; width=&#8221;96%&#8221; width_tablet=&#8221;90%&#8221; width_phone=&#8221;90%&#8221; width_last_edited=&#8221;on|phone&#8221; max_width=&#8221;2560px&#8221; custom_margin_tablet=&#8221;-10px||||false|false&#8221; custom_margin_phone=&#8221;-20px||||false|false&#8221; custom_margin_last_edited=&#8221;on|phone&#8221; custom_padding_tablet=&#8221;0px||0px||true|false&#8221; custom_padding_phone=&#8221;0px||0px||true|false&#8221; global_colors_info=&#8221;{}&#8221;][et_pb_column type=&#8221;4_4&#8243; _builder_version=&#8221;4.17.6&#8243; _module_preset=&#8221;default&#8221; global_colors_info=&#8221;{}&#8221;][et_pb_text _builder_version=&#8221;4.27.6&#8243; _module_preset=&#8221;default&#8221; text_font=&#8221;akrobat light||||||||&#8221; text_text_color=&#8221;#000000&#8243; text_font_size=&#8221;18px&#8221; width_tablet=&#8221;100%&#8221; width_phone=&#8221;100%&#8221; width_last_edited=&#8221;on|phone&#8221; hover_enabled=&#8221;0&#8243; inline_fonts=&#8221;Montserrat extra bold&#8221; global_colors_info=&#8221;{}&#8221; sticky_enabled=&#8221;0&#8243;]</p>
<h1>Exhibitions 2025</h1>
<p>The exhibition programme is structured around different lines: <em data-start="1454" data-end="1470">Panoràmic File</em>, where artists work with photographic archives; <em data-start="1519" data-end="1537">Panoràmic Review</em>, which revisits relevant yet lesser-known figures or movements from audiovisual culture; and <em data-start="1631" data-end="1647">Open Panoràmic</em>, a selection of projects from the festival’s open call. The programme also features other exhibitions and proposals that explore the visual, social, and technological changes of our time. The exhibitions take place across various cultural venues in Granollers, Barcelona, and Terrassa.</p>
<p>[/et_pb_text][/et_pb_column][/et_pb_row][et_pb_row use_custom_gutter=&#8221;on&#8221; gutter_width=&#8221;1&#8243; _builder_version=&#8221;4.25.0&#8243; _module_preset=&#8221;default&#8221; width=&#8221;96%&#8221; width_tablet=&#8221;90%&#8221; width_phone=&#8221;90%&#8221; width_last_edited=&#8221;on|tablet&#8221; max_width=&#8221;2560px&#8221; global_colors_info=&#8221;{}&#8221;][et_pb_column type=&#8221;4_4&#8243; _builder_version=&#8221;4.17.6&#8243; _module_preset=&#8221;default&#8221; global_colors_info=&#8221;{}&#8221;][et_pb_filterable_portfolio fullwidth=&#8221;off&#8221; posts_number=&#8221;200&#8243; include_categories=&#8221;167,166,168,144,169,170&#8243; show_categories=&#8221;off&#8221; module_class=&#8221;custom-element&#8221; _builder_version=&#8221;4.27.4&#8243; _module_preset=&#8221;default&#8221; title_font=&#8221;Montserrat extra bold||||||||&#8221; title_text_color=&#8221;#000000&#8243; title_line_height=&#8221;1.4em&#8221; filter_font=&#8221;akrobat extrabold||||||||&#8221; filter_text_color=&#8221;gcid-73263b73-b059-42fc-a61d-05da764fa408&#8243; filter_font_size=&#8221;20px&#8221; filter_line_height=&#8221;1em&#8221; title_font_size_tablet=&#8221;17px&#8221; title_font_size_phone=&#8221;17px&#8221; title_font_size_last_edited=&#8221;on|phone&#8221; title_line_height_tablet=&#8221;1.3em&#8221; title_line_height_phone=&#8221;1em&#8221; title_line_height_last_edited=&#8221;on|phone&#8221; border_width_all=&#8221;4px&#8221; border_color_all=&#8221;#FFFFFF&#8221; border_width_bottom=&#8221;20px&#8221; global_colors_info=&#8221;{%22gcid-73263b73-b059-42fc-a61d-05da764fa408%22:%91%22filter_text_color%22%93}&#8221;][/et_pb_filterable_portfolio][/et_pb_column][/et_pb_row][/et_pb_section]</p>

<p>Exhibitions 2025 The exhibition programme is structured around different lines: Panoràmic File, where artists work with photographic archives; Panoràmic Review, which revisits relevant yet lesser-known figures or movements from audiovisual [&hellip;]</p>

<!-- This site is optimized with the Yoast SEO plugin v27.2 - https://yoast.com/product/yoast-seo-wordpress/ -->
<title>Exhibitions 2025 - Festival Panoràmic</title>
<meta name="robots" content="index, follow, max-snippet:-1, max-image-preview:large, max-video-preview:-1" />
<link rel="canonical" href="https://festivalpanoramic.cat/en/exhibitions-2025/" />
<meta property="og:locale" content="en_US" />
<meta property="og:type" content="article" />
<meta property="og:title" content="Exhibitions 2025 - Festival Panoràmic" />
<meta property="og:description" content="Exhibitions 2025 The exhibition programme is structured around different lines: Panoràmic File, where artists work with photographic archives; Panoràmic Review, which revisits relevant yet lesser-known figures or movements from audiovisual [&hellip;]" />
<meta property="og:url" content="https://festivalpanoramic.cat/en/exhibitions-2025/" />
<meta property="og:site_name" content="Festival Panoràmic" />
<meta property="article:modified_time" content="2026-03-31T15:19:27+00:00" />
<meta name="twitter:card" content="summary_large_image" />
<meta name="twitter:label1" content="Est. reading time" />
	<meta name="twitter:data1" content="5 minutes" />
<script type="application/ld+json" class="yoast-schema-graph">{"@context":"https://schema.org","@graph":[{"@type":"WebPage","@id":"https://festivalpanoramic.cat/en/exhibitions-2025/","url":"https://festivalpanoramic.cat/en/exhibitions-2025/","name":"Exhibitions 2025 - Festival Panoràmic","isPartOf":{"@id":"https://festivalpanoramic.cat/en/#website"},"datePublished":"2025-08-07T08:51:13+00:00","dateModified":"2026-03-31T15:19:27+00:00","breadcrumb":{"@id":"https://festivalpanoramic.cat/en/exhibitions-2025/#breadcrumb"},"inLanguage":"en-US","potentialAction":[{"@type":"ReadAction","target":["https://festivalpanoramic.cat/en/exhibitions-2025/"]}]},{"@type":"BreadcrumbList","@id":"https://festivalpanoramic.cat/en/exhibitions-2025/#breadcrumb","itemListElement":[{"@type":"ListItem","position":1,"name":"Inici","item":"https://festivalpanoramic.cat/en/"},{"@type":"ListItem","position":2,"name":"Exhibitions 2025"}]},{"@type":"WebSite","@id":"https://festivalpanoramic.cat/en/#website","url":"https://festivalpanoramic.cat/en/","name":"Festival Panoràmic","description":"PANORÀMIC. ARTS I CULTURES VISUALS","potentialAction":[{"@type":"SearchAction","target":{"@type":"EntryPoint","urlTemplate":"https://festivalpanoramic.cat/en/?s={search_term_string}"},"query-input":{"@type":"PropertyValueSpecification","valueRequired":true,"valueName":"search_term_string"}}],"inLanguage":"en-US"}]}</script>
<!-- / Yoast SEO plugin. -->

Exhibitions 2025 - Festival Panoràmic

Exhibitions 2025 The exhibition programme is structured around different lines: Panoràmic File, where artists work with photographic archives; Panoràmic Review, which revisits relevant yet lesser-known figures or movements from audiovisual [&hellip;]

Festival Panoràmic

PANORÀMIC. ARTS I CULTURES VISUALS
