{"id":26687,"date":"2022-03-28T09:32:40","date_gmt":"2022-03-28T07:32:40","guid":{"rendered":"https:\/\/new.panoramicgranollers.cat\/panoramic-tour\/"},"modified":"2022-10-11T16:09:06","modified_gmt":"2022-10-11T14:09:06","slug":"panoramic-tour","status":"publish","type":"page","link":"https:\/\/festivalpanoramic.cat\/es\/panoramic-tour\/","title":{"rendered":"Panor\u00e0mic Tour"},"content":{"rendered":"<p>[et_pb_section fb_built=\u00bb1&#8243; _builder_version=\u00bb4.16&#8243; _module_preset=\u00bbdefault\u00bb global_colors_info=\u00bb{}\u00bb][et_pb_row column_structure=\u00bb2_5,3_5&#8243; module_id=\u00bbpresentacio\u00bb _builder_version=\u00bb4.16&#8243; _module_preset=\u00bbdefault\u00bb width=\u00bb95%\u00bb max_width=\u00bb2560px\u00bb global_colors_info=\u00bb{}\u00bb][et_pb_column type=\u00bb2_5&#8243; _builder_version=\u00bb4.16&#8243; _module_preset=\u00bbdefault\u00bb global_colors_info=\u00bb{}\u00bb][et_pb_text _builder_version=\u00bb4.17.6&#8243; _module_preset=\u00bbdefault\u00bb text_font=\u00bbMontserrat Light||||||||\u00bb text_text_color=\u00bb#000000&#8243; text_font_size=\u00bb35px\u00bb text_line_height=\u00bb1.3em\u00bb hover_enabled=\u00bb0&#8243; text_font_size_tablet=\u00bb35px\u00bb text_font_size_phone=\u00bb20px\u00bb text_font_size_last_edited=\u00bbon|phone\u00bb inline_fonts=\u00bbMontserrat extra bold\u00bb global_colors_info=\u00bb{}\u00bb sticky_enabled=\u00bb0&#8243;]<\/p>\n<p><span style=\"font-family: 'Montserrat extra bold';\">Panor\u00e0mic Tour<\/span> es el proyecto que gestiona el festival para difundir y promocionar aquellas producciones propias que realiza a\u00f1o tras a\u00f1o.<\/p>\n<p>La vocaci\u00f3n de una proyecci\u00f3n del festival hacia un \u00e1mbito local, nacional e internacional se articula a trav\u00e9s del Tour.<\/p>\n<p>Gracias a la participaci\u00f3n en el Programa de Exposiciones Itinerantes del Departamento de Cultura de la Generalidad de Catalu\u00f1a hemos llegado a varios centros de arte del pa\u00eds.<\/p>\n<p>Asimismo, con la colaboraci\u00f3n y apoyo del Institut Ramon Llull y los v\u00ednculos con festivales internacionales, nos permite mostrar las producciones en pa\u00edses como Colombia, Italia, Francia, Serbia, M\u00e9xico o Canad\u00e1.<\/p>\n<p>[\/et_pb_text][et_pb_text _builder_version=\u00bb4.16&#8243; _module_preset=\u00bbdefault\u00bb text_font=\u00bbakrobat light||||||||\u00bb text_text_color=\u00bb#000000&#8243; text_font_size=\u00bb20px\u00bb text_line_height=\u00bb1.2em\u00bb global_colors_info=\u00bb{}\u00bb]<\/p>\n<p>Actualmente tenemos varias exposiciones en Tour, con la posibilidad de ampliar la oferta y complementarla gracias al trabajo conjunto con otras secciones del festival como el Panor\u00e0mic Educaci\u00f3 o el Open Panor\u00e0mic, que hacen de nuestra propuesta una opci\u00f3n completa y atractiva para m\u00faltiples espacios y p\u00fablicos.<\/p>\n<p>[\/et_pb_text][\/et_pb_column][et_pb_column type=\u00bb3_5&#8243; _builder_version=\u00bb4.16&#8243; _module_preset=\u00bbdefault\u00bb global_colors_info=\u00bb{}\u00bb][et_pb_portfolio include_categories=\u00bb27&#8243; show_categories=\u00bboff\u00bb _builder_version=\u00bb4.16&#8243; _module_preset=\u00bbdefault\u00bb title_font=\u00bbMontserrat extra bold||||||||\u00bb caption_font=\u00bbakrobat light||||||||\u00bb caption_text_color=\u00bb#8b794f\u00bb caption_font_size=\u00bb19px\u00bb global_colors_info=\u00bb{}\u00bb][\/et_pb_portfolio][\/et_pb_column][\/et_pb_row][\/et_pb_section]<\/p>\n","protected":false},"excerpt":{"rendered":"<p>Panor\u00e0mic Tour es el proyecto que gestiona el festival para difundir y promocionar aquellas producciones propias que realiza a\u00f1o tras a\u00f1o. La vocaci\u00f3n de una proyecci\u00f3n del festival hacia un [&hellip;]<\/p>\n","protected":false},"author":1,"featured_media":0,"parent":0,"menu_order":0,"comment_status":"closed","ping_status":"closed","template":"","meta":{"_et_pb_use_builder":"on","_et_pb_old_content":"","_et_gb_content_width":"","footnotes":""},"class_list":["post-26687","page","type-page","status-publish","hentry"],"yoast_head":"<!-- This site is optimized with the Yoast SEO plugin v27.2 - https:\/\/yoast.com\/product\/yoast-seo-wordpress\/ -->\n<title>Panor\u00e0mic Tour - Festival Panor\u00e0mic<\/title>\n<meta name=\"robots\" content=\"index, follow, max-snippet:-1, max-image-preview:large, max-video-preview:-1\" \/>\n<link rel=\"canonical\" href=\"https:\/\/festivalpanoramic.cat\/es\/panoramic-tour\/\" \/>\n<meta property=\"og:locale\" content=\"es_ES\" \/>\n<meta property=\"og:type\" content=\"article\" \/>\n<meta property=\"og:title\" content=\"Panor\u00e0mic Tour - Festival Panor\u00e0mic\" \/>\n<meta property=\"og:description\" content=\"Panor\u00e0mic Tour es el proyecto que gestiona el festival para difundir y promocionar aquellas producciones propias que realiza a\u00f1o tras a\u00f1o. La vocaci\u00f3n de una proyecci\u00f3n del festival hacia un [&hellip;]\" \/>\n<meta property=\"og:url\" content=\"https:\/\/festivalpanoramic.cat\/es\/panoramic-tour\/\" \/>\n<meta property=\"og:site_name\" content=\"Festival Panor\u00e0mic\" \/>\n<meta property=\"article:modified_time\" content=\"2022-10-11T14:09:06+00:00\" \/>\n<meta name=\"twitter:card\" content=\"summary_large_image\" \/>\n<meta name=\"twitter:label1\" content=\"Tiempo de lectura\" \/>\n\t<meta name=\"twitter:data1\" content=\"2 minutos\" \/>\n<script type=\"application\/ld+json\" class=\"yoast-schema-graph\">{\"@context\":\"https:\/\/schema.org\",\"@graph\":[{\"@type\":\"WebPage\",\"@id\":\"https:\/\/festivalpanoramic.cat\/es\/panoramic-tour\/\",\"url\":\"https:\/\/festivalpanoramic.cat\/es\/panoramic-tour\/\",\"name\":\"Panor\u00e0mic Tour - Festival Panor\u00e0mic\",\"isPartOf\":{\"@id\":\"https:\/\/festivalpanoramic.cat\/es\/#website\"},\"datePublished\":\"2022-03-28T07:32:40+00:00\",\"dateModified\":\"2022-10-11T14:09:06+00:00\",\"breadcrumb\":{\"@id\":\"https:\/\/festivalpanoramic.cat\/es\/panoramic-tour\/#breadcrumb\"},\"inLanguage\":\"es\",\"potentialAction\":[{\"@type\":\"ReadAction\",\"target\":[\"https:\/\/festivalpanoramic.cat\/es\/panoramic-tour\/\"]}]},{\"@type\":\"BreadcrumbList\",\"@id\":\"https:\/\/festivalpanoramic.cat\/es\/panoramic-tour\/#breadcrumb\",\"itemListElement\":[{\"@type\":\"ListItem\",\"position\":1,\"name\":\"Inici\",\"item\":\"https:\/\/festivalpanoramic.cat\/es\/\"},{\"@type\":\"ListItem\",\"position\":2,\"name\":\"Panor\u00e0mic Tour\"}]},{\"@type\":\"WebSite\",\"@id\":\"https:\/\/festivalpanoramic.cat\/es\/#website\",\"url\":\"https:\/\/festivalpanoramic.cat\/es\/\",\"name\":\"Festival Panor\u00e0mic\",\"description\":\"PANOR\u00c0MIC. ARTS I CULTURES VISUALS\",\"potentialAction\":[{\"@type\":\"SearchAction\",\"target\":{\"@type\":\"EntryPoint\",\"urlTemplate\":\"https:\/\/festivalpanoramic.cat\/es\/?s={search_term_string}\"},\"query-input\":{\"@type\":\"PropertyValueSpecification\",\"valueRequired\":true,\"valueName\":\"search_term_string\"}}],\"inLanguage\":\"es\"}]}<\/script>\n<!-- \/ Yoast SEO plugin. -->","yoast_head_json":{"title":"Panor\u00e0mic Tour - Festival Panor\u00e0mic","robots":{"index":"index","follow":"follow","max-snippet":"max-snippet:-1","max-image-preview":"max-image-preview:large","max-video-preview":"max-video-preview:-1"},"canonical":"https:\/\/festivalpanoramic.cat\/es\/panoramic-tour\/","og_locale":"es_ES","og_type":"article","og_title":"Panor\u00e0mic Tour - Festival Panor\u00e0mic","og_description":"Panor\u00e0mic Tour es el proyecto que gestiona el festival para difundir y promocionar aquellas producciones propias que realiza a\u00f1o tras a\u00f1o. La vocaci\u00f3n de una proyecci\u00f3n del festival hacia un [&hellip;]","og_url":"https:\/\/festivalpanoramic.cat\/es\/panoramic-tour\/","og_site_name":"Festival Panor\u00e0mic","article_modified_time":"2022-10-11T14:09:06+00:00","twitter_card":"summary_large_image","twitter_misc":{"Tiempo de lectura":"2 minutos"},"schema":{"@context":"https:\/\/schema.org","@graph":[{"@type":"WebPage","@id":"https:\/\/festivalpanoramic.cat\/es\/panoramic-tour\/","url":"https:\/\/festivalpanoramic.cat\/es\/panoramic-tour\/","name":"Panor\u00e0mic Tour - Festival Panor\u00e0mic","isPartOf":{"@id":"https:\/\/festivalpanoramic.cat\/es\/#website"},"datePublished":"2022-03-28T07:32:40+00:00","dateModified":"2022-10-11T14:09:06+00:00","breadcrumb":{"@id":"https:\/\/festivalpanoramic.cat\/es\/panoramic-tour\/#breadcrumb"},"inLanguage":"es","potentialAction":[{"@type":"ReadAction","target":["https:\/\/festivalpanoramic.cat\/es\/panoramic-tour\/"]}]},{"@type":"BreadcrumbList","@id":"https:\/\/festivalpanoramic.cat\/es\/panoramic-tour\/#breadcrumb","itemListElement":[{"@type":"ListItem","position":1,"name":"Inici","item":"https:\/\/festivalpanoramic.cat\/es\/"},{"@type":"ListItem","position":2,"name":"Panor\u00e0mic Tour"}]},{"@type":"WebSite","@id":"https:\/\/festivalpanoramic.cat\/es\/#website","url":"https:\/\/festivalpanoramic.cat\/es\/","name":"Festival Panor\u00e0mic","description":"PANOR\u00c0MIC. ARTS I CULTURES VISUALS","potentialAction":[{"@type":"SearchAction","target":{"@type":"EntryPoint","urlTemplate":"https:\/\/festivalpanoramic.cat\/es\/?s={search_term_string}"},"query-input":{"@type":"PropertyValueSpecification","valueRequired":true,"valueName":"search_term_string"}}],"inLanguage":"es"}]}},"_links":{"self":[{"href":"https:\/\/festivalpanoramic.cat\/es\/wp-json\/wp\/v2\/pages\/26687","targetHints":{"allow":["GET"]}}],"collection":[{"href":"https:\/\/festivalpanoramic.cat\/es\/wp-json\/wp\/v2\/pages"}],"about":[{"href":"https:\/\/festivalpanoramic.cat\/es\/wp-json\/wp\/v2\/types\/page"}],"author":[{"embeddable":true,"href":"https:\/\/festivalpanoramic.cat\/es\/wp-json\/wp\/v2\/users\/1"}],"replies":[{"embeddable":true,"href":"https:\/\/festivalpanoramic.cat\/es\/wp-json\/wp\/v2\/comments?post=26687"}],"version-history":[{"count":0,"href":"https:\/\/festivalpanoramic.cat\/es\/wp-json\/wp\/v2\/pages\/26687\/revisions"}],"wp:attachment":[{"href":"https:\/\/festivalpanoramic.cat\/es\/wp-json\/wp\/v2\/media?parent=26687"}],"curies":[{"name":"wp","href":"https:\/\/api.w.org\/{rel}","templated":true}]}}

Panoràmic Tour

<p>[et_pb_section fb_built=»1&#8243; _builder_version=»4.16&#8243; _module_preset=»default» global_colors_info=»{}»][et_pb_row column_structure=»2_5,3_5&#8243; module_id=»presentacio» _builder_version=»4.16&#8243; _module_preset=»default» width=»95%» max_width=»2560px» global_colors_info=»{}»][et_pb_column type=»2_5&#8243; _builder_version=»4.16&#8243; _module_preset=»default» global_colors_info=»{}»][et_pb_text _builder_version=»4.17.6&#8243; _module_preset=»default» text_font=»Montserrat Light||||||||» text_text_color=»#000000&#8243; text_font_size=»35px» text_line_height=»1.3em» hover_enabled=»0&#8243; text_font_size_tablet=»35px» text_font_size_phone=»20px» text_font_size_last_edited=»on|phone» inline_fonts=»Montserrat extra bold» global_colors_info=»{}» sticky_enabled=»0&#8243;]</p>
<p><span style="font-family: 'Montserrat extra bold';">Panoràmic Tour</span> es el proyecto que gestiona el festival para difundir y promocionar aquellas producciones propias que realiza año tras año.</p>
<p>La vocación de una proyección del festival hacia un ámbito local, nacional e internacional se articula a través del Tour.</p>
<p>Gracias a la participación en el Programa de Exposiciones Itinerantes del Departamento de Cultura de la Generalidad de Cataluña hemos llegado a varios centros de arte del país.</p>
<p>Asimismo, con la colaboración y apoyo del Institut Ramon Llull y los vínculos con festivales internacionales, nos permite mostrar las producciones en países como Colombia, Italia, Francia, Serbia, México o Canadá.</p>
<p>[/et_pb_text][et_pb_text _builder_version=»4.16&#8243; _module_preset=»default» text_font=»akrobat light||||||||» text_text_color=»#000000&#8243; text_font_size=»20px» text_line_height=»1.2em» global_colors_info=»{}»]</p>
<p>Actualmente tenemos varias exposiciones en Tour, con la posibilidad de ampliar la oferta y complementarla gracias al trabajo conjunto con otras secciones del festival como el Panoràmic Educació o el Open Panoràmic, que hacen de nuestra propuesta una opción completa y atractiva para múltiples espacios y públicos.</p>
<p>[/et_pb_text][/et_pb_column][et_pb_column type=»3_5&#8243; _builder_version=»4.16&#8243; _module_preset=»default» global_colors_info=»{}»][et_pb_portfolio include_categories=»27&#8243; show_categories=»off» _builder_version=»4.16&#8243; _module_preset=»default» title_font=»Montserrat extra bold||||||||» caption_font=»akrobat light||||||||» caption_text_color=»#8b794f» caption_font_size=»19px» global_colors_info=»{}»][/et_pb_portfolio][/et_pb_column][/et_pb_row][/et_pb_section]</p>

<p>Panoràmic Tour es el proyecto que gestiona el festival para difundir y promocionar aquellas producciones propias que realiza año tras año. La vocación de una proyección del festival hacia un [&hellip;]</p>

<!-- This site is optimized with the Yoast SEO plugin v27.2 - https://yoast.com/product/yoast-seo-wordpress/ -->
<title>Panoràmic Tour - Festival Panoràmic</title>
<meta name="robots" content="index, follow, max-snippet:-1, max-image-preview:large, max-video-preview:-1" />
<link rel="canonical" href="https://festivalpanoramic.cat/es/panoramic-tour/" />
<meta property="og:locale" content="es_ES" />
<meta property="og:type" content="article" />
<meta property="og:title" content="Panoràmic Tour - Festival Panoràmic" />
<meta property="og:description" content="Panoràmic Tour es el proyecto que gestiona el festival para difundir y promocionar aquellas producciones propias que realiza año tras año. La vocación de una proyección del festival hacia un [&hellip;]" />
<meta property="og:url" content="https://festivalpanoramic.cat/es/panoramic-tour/" />
<meta property="og:site_name" content="Festival Panoràmic" />
<meta property="article:modified_time" content="2022-10-11T14:09:06+00:00" />
<meta name="twitter:card" content="summary_large_image" />
<meta name="twitter:label1" content="Tiempo de lectura" />
	<meta name="twitter:data1" content="2 minutos" />
<script type="application/ld+json" class="yoast-schema-graph">{"@context":"https://schema.org","@graph":[{"@type":"WebPage","@id":"https://festivalpanoramic.cat/es/panoramic-tour/","url":"https://festivalpanoramic.cat/es/panoramic-tour/","name":"Panoràmic Tour - Festival Panoràmic","isPartOf":{"@id":"https://festivalpanoramic.cat/es/#website"},"datePublished":"2022-03-28T07:32:40+00:00","dateModified":"2022-10-11T14:09:06+00:00","breadcrumb":{"@id":"https://festivalpanoramic.cat/es/panoramic-tour/#breadcrumb"},"inLanguage":"es","potentialAction":[{"@type":"ReadAction","target":["https://festivalpanoramic.cat/es/panoramic-tour/"]}]},{"@type":"BreadcrumbList","@id":"https://festivalpanoramic.cat/es/panoramic-tour/#breadcrumb","itemListElement":[{"@type":"ListItem","position":1,"name":"Inici","item":"https://festivalpanoramic.cat/es/"},{"@type":"ListItem","position":2,"name":"Panoràmic Tour"}]},{"@type":"WebSite","@id":"https://festivalpanoramic.cat/es/#website","url":"https://festivalpanoramic.cat/es/","name":"Festival Panoràmic","description":"PANORÀMIC. ARTS I CULTURES VISUALS","potentialAction":[{"@type":"SearchAction","target":{"@type":"EntryPoint","urlTemplate":"https://festivalpanoramic.cat/es/?s={search_term_string}"},"query-input":{"@type":"PropertyValueSpecification","valueRequired":true,"valueName":"search_term_string"}}],"inLanguage":"es"}]}</script>
<!-- / Yoast SEO plugin. -->

Panoràmic Tour - Festival Panoràmic

Panoràmic Tour es el proyecto que gestiona el festival para difundir y promocionar aquellas producciones propias que realiza año tras año. La vocación de una proyección del festival hacia un [&hellip;]

Festival Panoràmic

PANORÀMIC. ARTS I CULTURES VISUALS
