{"id":29872,"date":"2022-10-10T13:37:11","date_gmt":"2022-10-10T11:37:11","guid":{"rendered":"https:\/\/festivalpanoramic.cat\/panoramic-file-2022\/"},"modified":"2022-10-11T16:08:20","modified_gmt":"2022-10-11T14:08:20","slug":"panoramic-file-2022","status":"publish","type":"page","link":"https:\/\/festivalpanoramic.cat\/es\/panoramic-file-2022\/","title":{"rendered":"Panor\u00e0mic File 2022"},"content":{"rendered":"<p>[et_pb_section fb_built=\u00bb1&#8243; _builder_version=\u00bb4.17.6&#8243; _module_preset=\u00bbdefault\u00bb global_colors_info=\u00bb{}\u00bb][et_pb_row column_structure=\u00bb2_5,3_5&#8243; use_custom_gutter=\u00bbon\u00bb gutter_width=\u00bb2&#8243; _builder_version=\u00bb4.17.6&#8243; _module_preset=\u00bbdefault\u00bb width=\u00bb96%\u00bb max_width=\u00bb2560px\u00bb global_colors_info=\u00bb{}\u00bb][et_pb_column type=\u00bb2_5&#8243; _builder_version=\u00bb4.17.6&#8243; _module_preset=\u00bbdefault\u00bb global_colors_info=\u00bb{}\u00bb][et_pb_text _builder_version=\u00bb4.17.6&#8243; _module_preset=\u00bbdefault\u00bb text_font=\u00bbakrobat light||||||||\u00bb text_text_color=\u00bb#000000&#8243; text_font_size=\u00bb18px\u00bb hover_enabled=\u00bb0&#8243; inline_fonts=\u00bbMontserrat extra bold\u00bb global_colors_info=\u00bb{}\u00bb sticky_enabled=\u00bb0&#8243;]<\/p>\n<p><span style=\"font-size: xx-large; font-family: 'Montserrat extra bold'; font-weight: normal;\">Panor\u00e0mic File<\/span><\/p>\n<p><span>Panor\u00e0mic File es la programaci\u00f3n del festival vinculada directamente con los archivos hist\u00f3ricos y\/o fotogr\u00e1ficos. <\/span><\/p>\n<p><span>Proponemos un di\u00e1logo entre un artista y un archivo del que emerja un nuevo proyecto visual. <\/span><\/p>\n<p><span>Partiendo de la base de la fotograf\u00eda antigua o hist\u00f3rica, los autores y autoras que participan en el Panor\u00e0mic File sacuden el fondo documental y hacen una interpretaci\u00f3n del contempor\u00e1nea, que es a la vez, un nuevo material para el propio archivo.<\/span><\/p>\n<p>[\/et_pb_text][\/et_pb_column][et_pb_column type=\u00bb3_5&#8243; _builder_version=\u00bb4.17.6&#8243; _module_preset=\u00bbdefault\u00bb global_colors_info=\u00bb{}\u00bb][et_pb_filterable_portfolio fullwidth=\u00bboff\u00bb posts_number=\u00bb20&#8243; include_categories=\u00bb65&#8243; show_categories=\u00bboff\u00bb show_pagination=\u00bboff\u00bb module_class=\u00bbcustom-element\u00bb _builder_version=\u00bb4.17.6&#8243; _module_preset=\u00bbdefault\u00bb title_font=\u00bbMontserrat extra bold||||||||\u00bb filter_font=\u00bbakrobat extrabold||||||||\u00bb filter_text_color=\u00bbRGBA(255,255,255,0)\u00bb filter_font_size=\u00bb0px\u00bb filter_line_height=\u00bb0em\u00bb width=\u00bb100%\u00bb custom_margin=\u00bb-10px||||false|false\u00bb global_colors_info=\u00bb{}\u00bb][\/et_pb_filterable_portfolio][\/et_pb_column][\/et_pb_row][et_pb_row use_custom_gutter=\u00bbon\u00bb gutter_width=\u00bb2&#8243; _builder_version=\u00bb4.17.6&#8243; _module_preset=\u00bbdefault\u00bb width=\u00bb96%\u00bb max_width=\u00bb2560px\u00bb global_colors_info=\u00bb{}\u00bb][et_pb_column type=\u00bb4_4&#8243; _builder_version=\u00bb4.17.6&#8243; _module_preset=\u00bbdefault\u00bb global_colors_info=\u00bb{}\u00bb][\/et_pb_column][\/et_pb_row][\/et_pb_section]<\/p>\n","protected":false},"excerpt":{"rendered":"<p>Panor\u00e0mic File Panor\u00e0mic File es la programaci\u00f3n del festival vinculada directamente con los archivos hist\u00f3ricos y\/o fotogr\u00e1ficos. Proponemos un di\u00e1logo entre un artista y un archivo del que emerja un [&hellip;]<\/p>\n","protected":false},"author":1,"featured_media":0,"parent":0,"menu_order":0,"comment_status":"closed","ping_status":"closed","template":"","meta":{"_et_pb_use_builder":"on","_et_pb_old_content":"","_et_gb_content_width":"","footnotes":""},"class_list":["post-29872","page","type-page","status-publish","hentry"],"yoast_head":"<!-- This site is optimized with the Yoast SEO plugin v27.2 - https:\/\/yoast.com\/product\/yoast-seo-wordpress\/ -->\n<title>Panor\u00e0mic File 2022 - Festival Panor\u00e0mic<\/title>\n<meta name=\"robots\" content=\"index, follow, max-snippet:-1, max-image-preview:large, max-video-preview:-1\" \/>\n<link rel=\"canonical\" href=\"https:\/\/festivalpanoramic.cat\/es\/panoramic-file-2022\/\" \/>\n<meta property=\"og:locale\" content=\"es_ES\" \/>\n<meta property=\"og:type\" content=\"article\" \/>\n<meta property=\"og:title\" content=\"Panor\u00e0mic File 2022 - Festival Panor\u00e0mic\" \/>\n<meta property=\"og:description\" content=\"Panor\u00e0mic File Panor\u00e0mic File es la programaci\u00f3n del festival vinculada directamente con los archivos hist\u00f3ricos y\/o fotogr\u00e1ficos. Proponemos un di\u00e1logo entre un artista y un archivo del que emerja un [&hellip;]\" \/>\n<meta property=\"og:url\" content=\"https:\/\/festivalpanoramic.cat\/es\/panoramic-file-2022\/\" \/>\n<meta property=\"og:site_name\" content=\"Festival Panor\u00e0mic\" \/>\n<meta property=\"article:modified_time\" content=\"2022-10-11T14:08:20+00:00\" \/>\n<meta name=\"twitter:card\" content=\"summary_large_image\" \/>\n<meta name=\"twitter:label1\" content=\"Tiempo de lectura\" \/>\n\t<meta name=\"twitter:data1\" content=\"1 minuto\" \/>\n<script type=\"application\/ld+json\" class=\"yoast-schema-graph\">{\"@context\":\"https:\/\/schema.org\",\"@graph\":[{\"@type\":\"WebPage\",\"@id\":\"https:\/\/festivalpanoramic.cat\/es\/panoramic-file-2022\/\",\"url\":\"https:\/\/festivalpanoramic.cat\/es\/panoramic-file-2022\/\",\"name\":\"Panor\u00e0mic File 2022 - Festival Panor\u00e0mic\",\"isPartOf\":{\"@id\":\"https:\/\/festivalpanoramic.cat\/es\/#website\"},\"datePublished\":\"2022-10-10T11:37:11+00:00\",\"dateModified\":\"2022-10-11T14:08:20+00:00\",\"breadcrumb\":{\"@id\":\"https:\/\/festivalpanoramic.cat\/es\/panoramic-file-2022\/#breadcrumb\"},\"inLanguage\":\"es\",\"potentialAction\":[{\"@type\":\"ReadAction\",\"target\":[\"https:\/\/festivalpanoramic.cat\/es\/panoramic-file-2022\/\"]}]},{\"@type\":\"BreadcrumbList\",\"@id\":\"https:\/\/festivalpanoramic.cat\/es\/panoramic-file-2022\/#breadcrumb\",\"itemListElement\":[{\"@type\":\"ListItem\",\"position\":1,\"name\":\"Inici\",\"item\":\"https:\/\/festivalpanoramic.cat\/es\/\"},{\"@type\":\"ListItem\",\"position\":2,\"name\":\"Panor\u00e0mic File 2022\"}]},{\"@type\":\"WebSite\",\"@id\":\"https:\/\/festivalpanoramic.cat\/es\/#website\",\"url\":\"https:\/\/festivalpanoramic.cat\/es\/\",\"name\":\"Festival Panor\u00e0mic\",\"description\":\"PANOR\u00c0MIC. ARTS I CULTURES VISUALS\",\"potentialAction\":[{\"@type\":\"SearchAction\",\"target\":{\"@type\":\"EntryPoint\",\"urlTemplate\":\"https:\/\/festivalpanoramic.cat\/es\/?s={search_term_string}\"},\"query-input\":{\"@type\":\"PropertyValueSpecification\",\"valueRequired\":true,\"valueName\":\"search_term_string\"}}],\"inLanguage\":\"es\"}]}<\/script>\n<!-- \/ Yoast SEO plugin. -->","yoast_head_json":{"title":"Panor\u00e0mic File 2022 - Festival Panor\u00e0mic","robots":{"index":"index","follow":"follow","max-snippet":"max-snippet:-1","max-image-preview":"max-image-preview:large","max-video-preview":"max-video-preview:-1"},"canonical":"https:\/\/festivalpanoramic.cat\/es\/panoramic-file-2022\/","og_locale":"es_ES","og_type":"article","og_title":"Panor\u00e0mic File 2022 - Festival Panor\u00e0mic","og_description":"Panor\u00e0mic File Panor\u00e0mic File es la programaci\u00f3n del festival vinculada directamente con los archivos hist\u00f3ricos y\/o fotogr\u00e1ficos. Proponemos un di\u00e1logo entre un artista y un archivo del que emerja un [&hellip;]","og_url":"https:\/\/festivalpanoramic.cat\/es\/panoramic-file-2022\/","og_site_name":"Festival Panor\u00e0mic","article_modified_time":"2022-10-11T14:08:20+00:00","twitter_card":"summary_large_image","twitter_misc":{"Tiempo de lectura":"1 minuto"},"schema":{"@context":"https:\/\/schema.org","@graph":[{"@type":"WebPage","@id":"https:\/\/festivalpanoramic.cat\/es\/panoramic-file-2022\/","url":"https:\/\/festivalpanoramic.cat\/es\/panoramic-file-2022\/","name":"Panor\u00e0mic File 2022 - Festival Panor\u00e0mic","isPartOf":{"@id":"https:\/\/festivalpanoramic.cat\/es\/#website"},"datePublished":"2022-10-10T11:37:11+00:00","dateModified":"2022-10-11T14:08:20+00:00","breadcrumb":{"@id":"https:\/\/festivalpanoramic.cat\/es\/panoramic-file-2022\/#breadcrumb"},"inLanguage":"es","potentialAction":[{"@type":"ReadAction","target":["https:\/\/festivalpanoramic.cat\/es\/panoramic-file-2022\/"]}]},{"@type":"BreadcrumbList","@id":"https:\/\/festivalpanoramic.cat\/es\/panoramic-file-2022\/#breadcrumb","itemListElement":[{"@type":"ListItem","position":1,"name":"Inici","item":"https:\/\/festivalpanoramic.cat\/es\/"},{"@type":"ListItem","position":2,"name":"Panor\u00e0mic File 2022"}]},{"@type":"WebSite","@id":"https:\/\/festivalpanoramic.cat\/es\/#website","url":"https:\/\/festivalpanoramic.cat\/es\/","name":"Festival Panor\u00e0mic","description":"PANOR\u00c0MIC. ARTS I CULTURES VISUALS","potentialAction":[{"@type":"SearchAction","target":{"@type":"EntryPoint","urlTemplate":"https:\/\/festivalpanoramic.cat\/es\/?s={search_term_string}"},"query-input":{"@type":"PropertyValueSpecification","valueRequired":true,"valueName":"search_term_string"}}],"inLanguage":"es"}]}},"_links":{"self":[{"href":"https:\/\/festivalpanoramic.cat\/es\/wp-json\/wp\/v2\/pages\/29872","targetHints":{"allow":["GET"]}}],"collection":[{"href":"https:\/\/festivalpanoramic.cat\/es\/wp-json\/wp\/v2\/pages"}],"about":[{"href":"https:\/\/festivalpanoramic.cat\/es\/wp-json\/wp\/v2\/types\/page"}],"author":[{"embeddable":true,"href":"https:\/\/festivalpanoramic.cat\/es\/wp-json\/wp\/v2\/users\/1"}],"replies":[{"embeddable":true,"href":"https:\/\/festivalpanoramic.cat\/es\/wp-json\/wp\/v2\/comments?post=29872"}],"version-history":[{"count":0,"href":"https:\/\/festivalpanoramic.cat\/es\/wp-json\/wp\/v2\/pages\/29872\/revisions"}],"wp:attachment":[{"href":"https:\/\/festivalpanoramic.cat\/es\/wp-json\/wp\/v2\/media?parent=29872"}],"curies":[{"name":"wp","href":"https:\/\/api.w.org\/{rel}","templated":true}]}}

Panoràmic File 2022

<p>[et_pb_section fb_built=»1&#8243; _builder_version=»4.17.6&#8243; _module_preset=»default» global_colors_info=»{}»][et_pb_row column_structure=»2_5,3_5&#8243; use_custom_gutter=»on» gutter_width=»2&#8243; _builder_version=»4.17.6&#8243; _module_preset=»default» width=»96%» max_width=»2560px» global_colors_info=»{}»][et_pb_column type=»2_5&#8243; _builder_version=»4.17.6&#8243; _module_preset=»default» global_colors_info=»{}»][et_pb_text _builder_version=»4.17.6&#8243; _module_preset=»default» text_font=»akrobat light||||||||» text_text_color=»#000000&#8243; text_font_size=»18px» hover_enabled=»0&#8243; inline_fonts=»Montserrat extra bold» global_colors_info=»{}» sticky_enabled=»0&#8243;]</p>
<p><span style="font-size: xx-large; font-family: 'Montserrat extra bold'; font-weight: normal;">Panoràmic File</span></p>
<p><span>Panoràmic File es la programación del festival vinculada directamente con los archivos históricos y/o fotográficos. </span></p>
<p><span>Proponemos un diálogo entre un artista y un archivo del que emerja un nuevo proyecto visual. </span></p>
<p><span>Partiendo de la base de la fotografía antigua o histórica, los autores y autoras que participan en el Panoràmic File sacuden el fondo documental y hacen una interpretación del contemporánea, que es a la vez, un nuevo material para el propio archivo.</span></p>
<p>[/et_pb_text][/et_pb_column][et_pb_column type=»3_5&#8243; _builder_version=»4.17.6&#8243; _module_preset=»default» global_colors_info=»{}»][et_pb_filterable_portfolio fullwidth=»off» posts_number=»20&#8243; include_categories=»65&#8243; show_categories=»off» show_pagination=»off» module_class=»custom-element» _builder_version=»4.17.6&#8243; _module_preset=»default» title_font=»Montserrat extra bold||||||||» filter_font=»akrobat extrabold||||||||» filter_text_color=»RGBA(255,255,255,0)» filter_font_size=»0px» filter_line_height=»0em» width=»100%» custom_margin=»-10px||||false|false» global_colors_info=»{}»][/et_pb_filterable_portfolio][/et_pb_column][/et_pb_row][et_pb_row use_custom_gutter=»on» gutter_width=»2&#8243; _builder_version=»4.17.6&#8243; _module_preset=»default» width=»96%» max_width=»2560px» global_colors_info=»{}»][et_pb_column type=»4_4&#8243; _builder_version=»4.17.6&#8243; _module_preset=»default» global_colors_info=»{}»][/et_pb_column][/et_pb_row][/et_pb_section]</p>

<p>Panoràmic File Panoràmic File es la programación del festival vinculada directamente con los archivos históricos y/o fotográficos. Proponemos un diálogo entre un artista y un archivo del que emerja un [&hellip;]</p>

<!-- This site is optimized with the Yoast SEO plugin v27.2 - https://yoast.com/product/yoast-seo-wordpress/ -->
<title>Panoràmic File 2022 - Festival Panoràmic</title>
<meta name="robots" content="index, follow, max-snippet:-1, max-image-preview:large, max-video-preview:-1" />
<link rel="canonical" href="https://festivalpanoramic.cat/es/panoramic-file-2022/" />
<meta property="og:locale" content="es_ES" />
<meta property="og:type" content="article" />
<meta property="og:title" content="Panoràmic File 2022 - Festival Panoràmic" />
<meta property="og:description" content="Panoràmic File Panoràmic File es la programación del festival vinculada directamente con los archivos históricos y/o fotográficos. Proponemos un diálogo entre un artista y un archivo del que emerja un [&hellip;]" />
<meta property="og:url" content="https://festivalpanoramic.cat/es/panoramic-file-2022/" />
<meta property="og:site_name" content="Festival Panoràmic" />
<meta property="article:modified_time" content="2022-10-11T14:08:20+00:00" />
<meta name="twitter:card" content="summary_large_image" />
<meta name="twitter:label1" content="Tiempo de lectura" />
	<meta name="twitter:data1" content="1 minuto" />
<script type="application/ld+json" class="yoast-schema-graph">{"@context":"https://schema.org","@graph":[{"@type":"WebPage","@id":"https://festivalpanoramic.cat/es/panoramic-file-2022/","url":"https://festivalpanoramic.cat/es/panoramic-file-2022/","name":"Panoràmic File 2022 - Festival Panoràmic","isPartOf":{"@id":"https://festivalpanoramic.cat/es/#website"},"datePublished":"2022-10-10T11:37:11+00:00","dateModified":"2022-10-11T14:08:20+00:00","breadcrumb":{"@id":"https://festivalpanoramic.cat/es/panoramic-file-2022/#breadcrumb"},"inLanguage":"es","potentialAction":[{"@type":"ReadAction","target":["https://festivalpanoramic.cat/es/panoramic-file-2022/"]}]},{"@type":"BreadcrumbList","@id":"https://festivalpanoramic.cat/es/panoramic-file-2022/#breadcrumb","itemListElement":[{"@type":"ListItem","position":1,"name":"Inici","item":"https://festivalpanoramic.cat/es/"},{"@type":"ListItem","position":2,"name":"Panoràmic File 2022"}]},{"@type":"WebSite","@id":"https://festivalpanoramic.cat/es/#website","url":"https://festivalpanoramic.cat/es/","name":"Festival Panoràmic","description":"PANORÀMIC. ARTS I CULTURES VISUALS","potentialAction":[{"@type":"SearchAction","target":{"@type":"EntryPoint","urlTemplate":"https://festivalpanoramic.cat/es/?s={search_term_string}"},"query-input":{"@type":"PropertyValueSpecification","valueRequired":true,"valueName":"search_term_string"}}],"inLanguage":"es"}]}</script>
<!-- / Yoast SEO plugin. -->

Panoràmic File 2022 - Festival Panoràmic

Panoràmic File Panoràmic File es la programación del festival vinculada directamente con los archivos históricos y/o fotográficos. Proponemos un diálogo entre un artista y un archivo del que emerja un [&hellip;]

Festival Panoràmic

PANORÀMIC. ARTS I CULTURES VISUALS
