{"id":38961,"date":"2025-08-21T17:01:22","date_gmt":"2025-08-21T15:01:22","guid":{"rendered":"https:\/\/festivalpanoramic.cat\/?page_id=38961"},"modified":"2026-03-31T17:21:32","modified_gmt":"2026-03-31T15:21:32","slug":"actividades-2025","status":"publish","type":"page","link":"https:\/\/festivalpanoramic.cat\/es\/actividades-2025\/","title":{"rendered":"Actividades 2025"},"content":{"rendered":"<p>[et_pb_section fb_built=\u00bb1&#8243; _builder_version=\u00bb4.17.6&#8243; _module_preset=\u00bbdefault\u00bb locked=\u00bboff\u00bb global_colors_info=\u00bb{}\u00bb][et_pb_row custom_padding_last_edited=\u00bbon|phone\u00bb _builder_version=\u00bb4.25.0&#8243; _module_preset=\u00bbdefault\u00bb width=\u00bb96%\u00bb width_tablet=\u00bb90%\u00bb width_phone=\u00bb90%\u00bb width_last_edited=\u00bbon|phone\u00bb max_width=\u00bb2560px\u00bb custom_margin_tablet=\u00bb-10px||||false|false\u00bb custom_margin_phone=\u00bb-20px||||false|false\u00bb custom_margin_last_edited=\u00bbon|phone\u00bb custom_padding_tablet=\u00bb0px||0px||true|false\u00bb custom_padding_phone=\u00bb0px||0px||true|false\u00bb global_colors_info=\u00bb{}\u00bb][et_pb_column type=\u00bb4_4&#8243; _builder_version=\u00bb4.17.6&#8243; _module_preset=\u00bbdefault\u00bb global_colors_info=\u00bb{}\u00bb][et_pb_text _builder_version=\u00bb4.27.6&#8243; _module_preset=\u00bbdefault\u00bb text_font=\u00bbakrobat light||||||||\u00bb text_text_color=\u00bb#000000&#8243; text_font_size=\u00bb18px\u00bb width_tablet=\u00bb100%\u00bb width_phone=\u00bb100%\u00bb width_last_edited=\u00bbon|phone\u00bb hover_enabled=\u00bb0&#8243; inline_fonts=\u00bbMontserrat extra bold\u00bb global_colors_info=\u00bb{}\u00bb sticky_enabled=\u00bb0&#8243;]<\/p>\n<h1>Actividades 2025<\/h1>\n<p data-start=\"104\" data-end=\"278\">M\u00e1s all\u00e1 de las exposiciones, el festival Panor\u00e0mic ofrece un amplio programa de actividades que invita a vivir la fotograf\u00eda y el audiovisual desde m\u00faltiples perspectivas.<\/p>\n<p data-start=\"280\" data-end=\"572\">Visitas comentadas, vermuts, conferencias, encuentros y otros formatos abren espacios de di\u00e1logo e intercambio entre artistas, p\u00fablico y profesionales. Un conjunto de propuestas pensadas para ampliar la experiencia del festival y establecer nuevos v\u00ednculos entre la creaci\u00f3n y la comunidad.<\/p>\n<p>[\/et_pb_text][\/et_pb_column][\/et_pb_row][et_pb_row use_custom_gutter=\u00bbon\u00bb gutter_width=\u00bb1&#8243; _builder_version=\u00bb4.25.0&#8243; _module_preset=\u00bbdefault\u00bb width=\u00bb96%\u00bb width_tablet=\u00bb90%\u00bb width_phone=\u00bb90%\u00bb width_last_edited=\u00bbon|tablet\u00bb max_width=\u00bb2560px\u00bb global_colors_info=\u00bb{}\u00bb][et_pb_column type=\u00bb4_4&#8243; _builder_version=\u00bb4.17.6&#8243; _module_preset=\u00bbdefault\u00bb global_colors_info=\u00bb{}\u00bb][et_pb_filterable_portfolio fullwidth=\u00bboff\u00bb posts_number=\u00bb200&#8243; include_categories=\u00bb183,192,193,194&#8243; show_categories=\u00bboff\u00bb module_class=\u00bbcustom-element\u00bb _builder_version=\u00bb4.27.4&#8243; _module_preset=\u00bbdefault\u00bb title_font=\u00bbMontserrat extra bold||||||||\u00bb title_text_color=\u00bb#000000&#8243; title_line_height=\u00bb1.4em\u00bb filter_font=\u00bbakrobat extrabold||||||||\u00bb filter_text_color=\u00bbgcid-73263b73-b059-42fc-a61d-05da764fa408&#8243; filter_font_size=\u00bb20px\u00bb filter_line_height=\u00bb1em\u00bb title_font_size_tablet=\u00bb17px\u00bb title_font_size_phone=\u00bb17px\u00bb title_font_size_last_edited=\u00bbon|phone\u00bb title_line_height_tablet=\u00bb1.3em\u00bb title_line_height_phone=\u00bb1em\u00bb title_line_height_last_edited=\u00bbon|phone\u00bb border_width_all=\u00bb4px\u00bb border_color_all=\u00bb#FFFFFF\u00bb border_width_bottom=\u00bb20px\u00bb global_colors_info=\u00bb{%22gcid-73263b73-b059-42fc-a61d-05da764fa408%22:%91%22filter_text_color%22%93}\u00bb][\/et_pb_filterable_portfolio][\/et_pb_column][\/et_pb_row][\/et_pb_section]<\/p>\n","protected":false},"excerpt":{"rendered":"<p>Actividades 2025 M\u00e1s all\u00e1 de las exposiciones, el festival Panor\u00e0mic ofrece un amplio programa de actividades que invita a vivir la fotograf\u00eda y el audiovisual desde m\u00faltiples perspectivas. Visitas comentadas, [&hellip;]<\/p>\n","protected":false},"author":1,"featured_media":0,"parent":0,"menu_order":0,"comment_status":"closed","ping_status":"closed","template":"","meta":{"_et_pb_use_builder":"on","_et_pb_old_content":"","_et_gb_content_width":"","footnotes":""},"class_list":["post-38961","page","type-page","status-publish","hentry"],"yoast_head":"<!-- This site is optimized with the Yoast SEO plugin v27.2 - https:\/\/yoast.com\/product\/yoast-seo-wordpress\/ -->\n<title>Actividades 2025 - Festival Panor\u00e0mic<\/title>\n<meta name=\"robots\" content=\"index, follow, max-snippet:-1, max-image-preview:large, max-video-preview:-1\" \/>\n<link rel=\"canonical\" href=\"https:\/\/festivalpanoramic.cat\/es\/actividades-2025\/\" \/>\n<meta property=\"og:locale\" content=\"es_ES\" \/>\n<meta property=\"og:type\" content=\"article\" \/>\n<meta property=\"og:title\" content=\"Actividades 2025 - Festival Panor\u00e0mic\" \/>\n<meta property=\"og:description\" content=\"Actividades 2025 M\u00e1s all\u00e1 de las exposiciones, el festival Panor\u00e0mic ofrece un amplio programa de actividades que invita a vivir la fotograf\u00eda y el audiovisual desde m\u00faltiples perspectivas. Visitas comentadas, [&hellip;]\" \/>\n<meta property=\"og:url\" content=\"https:\/\/festivalpanoramic.cat\/es\/actividades-2025\/\" \/>\n<meta property=\"og:site_name\" content=\"Festival Panor\u00e0mic\" \/>\n<meta property=\"article:modified_time\" content=\"2026-03-31T15:21:32+00:00\" \/>\n<meta name=\"twitter:card\" content=\"summary_large_image\" \/>\n<meta name=\"twitter:label1\" content=\"Tiempo de lectura\" \/>\n\t<meta name=\"twitter:data1\" content=\"3 minutos\" \/>\n<script type=\"application\/ld+json\" class=\"yoast-schema-graph\">{\"@context\":\"https:\/\/schema.org\",\"@graph\":[{\"@type\":\"WebPage\",\"@id\":\"https:\/\/festivalpanoramic.cat\/es\/actividades-2025\/\",\"url\":\"https:\/\/festivalpanoramic.cat\/es\/actividades-2025\/\",\"name\":\"Actividades 2025 - Festival Panor\u00e0mic\",\"isPartOf\":{\"@id\":\"https:\/\/festivalpanoramic.cat\/es\/#website\"},\"datePublished\":\"2025-08-21T15:01:22+00:00\",\"dateModified\":\"2026-03-31T15:21:32+00:00\",\"breadcrumb\":{\"@id\":\"https:\/\/festivalpanoramic.cat\/es\/actividades-2025\/#breadcrumb\"},\"inLanguage\":\"es\",\"potentialAction\":[{\"@type\":\"ReadAction\",\"target\":[\"https:\/\/festivalpanoramic.cat\/es\/actividades-2025\/\"]}]},{\"@type\":\"BreadcrumbList\",\"@id\":\"https:\/\/festivalpanoramic.cat\/es\/actividades-2025\/#breadcrumb\",\"itemListElement\":[{\"@type\":\"ListItem\",\"position\":1,\"name\":\"Inici\",\"item\":\"https:\/\/festivalpanoramic.cat\/es\/\"},{\"@type\":\"ListItem\",\"position\":2,\"name\":\"Actividades 2025\"}]},{\"@type\":\"WebSite\",\"@id\":\"https:\/\/festivalpanoramic.cat\/es\/#website\",\"url\":\"https:\/\/festivalpanoramic.cat\/es\/\",\"name\":\"Festival Panor\u00e0mic\",\"description\":\"PANOR\u00c0MIC. ARTS I CULTURES VISUALS\",\"potentialAction\":[{\"@type\":\"SearchAction\",\"target\":{\"@type\":\"EntryPoint\",\"urlTemplate\":\"https:\/\/festivalpanoramic.cat\/es\/?s={search_term_string}\"},\"query-input\":{\"@type\":\"PropertyValueSpecification\",\"valueRequired\":true,\"valueName\":\"search_term_string\"}}],\"inLanguage\":\"es\"}]}<\/script>\n<!-- \/ Yoast SEO plugin. -->","yoast_head_json":{"title":"Actividades 2025 - Festival Panor\u00e0mic","robots":{"index":"index","follow":"follow","max-snippet":"max-snippet:-1","max-image-preview":"max-image-preview:large","max-video-preview":"max-video-preview:-1"},"canonical":"https:\/\/festivalpanoramic.cat\/es\/actividades-2025\/","og_locale":"es_ES","og_type":"article","og_title":"Actividades 2025 - Festival Panor\u00e0mic","og_description":"Actividades 2025 M\u00e1s all\u00e1 de las exposiciones, el festival Panor\u00e0mic ofrece un amplio programa de actividades que invita a vivir la fotograf\u00eda y el audiovisual desde m\u00faltiples perspectivas. Visitas comentadas, [&hellip;]","og_url":"https:\/\/festivalpanoramic.cat\/es\/actividades-2025\/","og_site_name":"Festival Panor\u00e0mic","article_modified_time":"2026-03-31T15:21:32+00:00","twitter_card":"summary_large_image","twitter_misc":{"Tiempo de lectura":"3 minutos"},"schema":{"@context":"https:\/\/schema.org","@graph":[{"@type":"WebPage","@id":"https:\/\/festivalpanoramic.cat\/es\/actividades-2025\/","url":"https:\/\/festivalpanoramic.cat\/es\/actividades-2025\/","name":"Actividades 2025 - Festival Panor\u00e0mic","isPartOf":{"@id":"https:\/\/festivalpanoramic.cat\/es\/#website"},"datePublished":"2025-08-21T15:01:22+00:00","dateModified":"2026-03-31T15:21:32+00:00","breadcrumb":{"@id":"https:\/\/festivalpanoramic.cat\/es\/actividades-2025\/#breadcrumb"},"inLanguage":"es","potentialAction":[{"@type":"ReadAction","target":["https:\/\/festivalpanoramic.cat\/es\/actividades-2025\/"]}]},{"@type":"BreadcrumbList","@id":"https:\/\/festivalpanoramic.cat\/es\/actividades-2025\/#breadcrumb","itemListElement":[{"@type":"ListItem","position":1,"name":"Inici","item":"https:\/\/festivalpanoramic.cat\/es\/"},{"@type":"ListItem","position":2,"name":"Actividades 2025"}]},{"@type":"WebSite","@id":"https:\/\/festivalpanoramic.cat\/es\/#website","url":"https:\/\/festivalpanoramic.cat\/es\/","name":"Festival Panor\u00e0mic","description":"PANOR\u00c0MIC. ARTS I CULTURES VISUALS","potentialAction":[{"@type":"SearchAction","target":{"@type":"EntryPoint","urlTemplate":"https:\/\/festivalpanoramic.cat\/es\/?s={search_term_string}"},"query-input":{"@type":"PropertyValueSpecification","valueRequired":true,"valueName":"search_term_string"}}],"inLanguage":"es"}]}},"_links":{"self":[{"href":"https:\/\/festivalpanoramic.cat\/es\/wp-json\/wp\/v2\/pages\/38961","targetHints":{"allow":["GET"]}}],"collection":[{"href":"https:\/\/festivalpanoramic.cat\/es\/wp-json\/wp\/v2\/pages"}],"about":[{"href":"https:\/\/festivalpanoramic.cat\/es\/wp-json\/wp\/v2\/types\/page"}],"author":[{"embeddable":true,"href":"https:\/\/festivalpanoramic.cat\/es\/wp-json\/wp\/v2\/users\/1"}],"replies":[{"embeddable":true,"href":"https:\/\/festivalpanoramic.cat\/es\/wp-json\/wp\/v2\/comments?post=38961"}],"version-history":[{"count":4,"href":"https:\/\/festivalpanoramic.cat\/es\/wp-json\/wp\/v2\/pages\/38961\/revisions"}],"predecessor-version":[{"id":42296,"href":"https:\/\/festivalpanoramic.cat\/es\/wp-json\/wp\/v2\/pages\/38961\/revisions\/42296"}],"wp:attachment":[{"href":"https:\/\/festivalpanoramic.cat\/es\/wp-json\/wp\/v2\/media?parent=38961"}],"curies":[{"name":"wp","href":"https:\/\/api.w.org\/{rel}","templated":true}]}}

<p>[et_pb_section fb_built=»1&#8243; _builder_version=»4.17.6&#8243; _module_preset=»default» locked=»off» global_colors_info=»{}»][et_pb_row custom_padding_last_edited=»on|phone» _builder_version=»4.25.0&#8243; _module_preset=»default» width=»96%» width_tablet=»90%» width_phone=»90%» width_last_edited=»on|phone» max_width=»2560px» custom_margin_tablet=»-10px||||false|false» custom_margin_phone=»-20px||||false|false» custom_margin_last_edited=»on|phone» custom_padding_tablet=»0px||0px||true|false» custom_padding_phone=»0px||0px||true|false» global_colors_info=»{}»][et_pb_column type=»4_4&#8243; _builder_version=»4.17.6&#8243; _module_preset=»default» global_colors_info=»{}»][et_pb_text _builder_version=»4.27.6&#8243; _module_preset=»default» text_font=»akrobat light||||||||» text_text_color=»#000000&#8243; text_font_size=»18px» width_tablet=»100%» width_phone=»100%» width_last_edited=»on|phone» hover_enabled=»0&#8243; inline_fonts=»Montserrat extra bold» global_colors_info=»{}» sticky_enabled=»0&#8243;]</p>
<h1>Actividades 2025</h1>
<p data-start="104" data-end="278">Más allá de las exposiciones, el festival Panoràmic ofrece un amplio programa de actividades que invita a vivir la fotografía y el audiovisual desde múltiples perspectivas.</p>
<p data-start="280" data-end="572">Visitas comentadas, vermuts, conferencias, encuentros y otros formatos abren espacios de diálogo e intercambio entre artistas, público y profesionales. Un conjunto de propuestas pensadas para ampliar la experiencia del festival y establecer nuevos vínculos entre la creación y la comunidad.</p>
<p>[/et_pb_text][/et_pb_column][/et_pb_row][et_pb_row use_custom_gutter=»on» gutter_width=»1&#8243; _builder_version=»4.25.0&#8243; _module_preset=»default» width=»96%» width_tablet=»90%» width_phone=»90%» width_last_edited=»on|tablet» max_width=»2560px» global_colors_info=»{}»][et_pb_column type=»4_4&#8243; _builder_version=»4.17.6&#8243; _module_preset=»default» global_colors_info=»{}»][et_pb_filterable_portfolio fullwidth=»off» posts_number=»200&#8243; include_categories=»183,192,193,194&#8243; show_categories=»off» module_class=»custom-element» _builder_version=»4.27.4&#8243; _module_preset=»default» title_font=»Montserrat extra bold||||||||» title_text_color=»#000000&#8243; title_line_height=»1.4em» filter_font=»akrobat extrabold||||||||» filter_text_color=»gcid-73263b73-b059-42fc-a61d-05da764fa408&#8243; filter_font_size=»20px» filter_line_height=»1em» title_font_size_tablet=»17px» title_font_size_phone=»17px» title_font_size_last_edited=»on|phone» title_line_height_tablet=»1.3em» title_line_height_phone=»1em» title_line_height_last_edited=»on|phone» border_width_all=»4px» border_color_all=»#FFFFFF» border_width_bottom=»20px» global_colors_info=»{%22gcid-73263b73-b059-42fc-a61d-05da764fa408%22:%91%22filter_text_color%22%93}»][/et_pb_filterable_portfolio][/et_pb_column][/et_pb_row][/et_pb_section]</p>

<p>Actividades 2025 Más allá de las exposiciones, el festival Panoràmic ofrece un amplio programa de actividades que invita a vivir la fotografía y el audiovisual desde múltiples perspectivas. Visitas comentadas, [&hellip;]</p>

<!-- This site is optimized with the Yoast SEO plugin v27.2 - https://yoast.com/product/yoast-seo-wordpress/ -->
<title>Actividades 2025 - Festival Panoràmic</title>
<meta name="robots" content="index, follow, max-snippet:-1, max-image-preview:large, max-video-preview:-1" />
<link rel="canonical" href="https://festivalpanoramic.cat/es/actividades-2025/" />
<meta property="og:locale" content="es_ES" />
<meta property="og:type" content="article" />
<meta property="og:title" content="Actividades 2025 - Festival Panoràmic" />
<meta property="og:description" content="Actividades 2025 Más allá de las exposiciones, el festival Panoràmic ofrece un amplio programa de actividades que invita a vivir la fotografía y el audiovisual desde múltiples perspectivas. Visitas comentadas, [&hellip;]" />
<meta property="og:url" content="https://festivalpanoramic.cat/es/actividades-2025/" />
<meta property="og:site_name" content="Festival Panoràmic" />
<meta property="article:modified_time" content="2026-03-31T15:21:32+00:00" />
<meta name="twitter:card" content="summary_large_image" />
<meta name="twitter:label1" content="Tiempo de lectura" />
	<meta name="twitter:data1" content="3 minutos" />
<script type="application/ld+json" class="yoast-schema-graph">{"@context":"https://schema.org","@graph":[{"@type":"WebPage","@id":"https://festivalpanoramic.cat/es/actividades-2025/","url":"https://festivalpanoramic.cat/es/actividades-2025/","name":"Actividades 2025 - Festival Panoràmic","isPartOf":{"@id":"https://festivalpanoramic.cat/es/#website"},"datePublished":"2025-08-21T15:01:22+00:00","dateModified":"2026-03-31T15:21:32+00:00","breadcrumb":{"@id":"https://festivalpanoramic.cat/es/actividades-2025/#breadcrumb"},"inLanguage":"es","potentialAction":[{"@type":"ReadAction","target":["https://festivalpanoramic.cat/es/actividades-2025/"]}]},{"@type":"BreadcrumbList","@id":"https://festivalpanoramic.cat/es/actividades-2025/#breadcrumb","itemListElement":[{"@type":"ListItem","position":1,"name":"Inici","item":"https://festivalpanoramic.cat/es/"},{"@type":"ListItem","position":2,"name":"Actividades 2025"}]},{"@type":"WebSite","@id":"https://festivalpanoramic.cat/es/#website","url":"https://festivalpanoramic.cat/es/","name":"Festival Panoràmic","description":"PANORÀMIC. ARTS I CULTURES VISUALS","potentialAction":[{"@type":"SearchAction","target":{"@type":"EntryPoint","urlTemplate":"https://festivalpanoramic.cat/es/?s={search_term_string}"},"query-input":{"@type":"PropertyValueSpecification","valueRequired":true,"valueName":"search_term_string"}}],"inLanguage":"es"}]}</script>
<!-- / Yoast SEO plugin. -->

Actividades 2025 - Festival Panoràmic

Actividades 2025 Más allá de las exposiciones, el festival Panoràmic ofrece un amplio programa de actividades que invita a vivir la fotografía y el audiovisual desde múltiples perspectivas. Visitas comentadas, [&hellip;]

Festival Panoràmic

PANORÀMIC. ARTS I CULTURES VISUALS
